e (1 + 0)/((-1)/(-17)). Suppose -2*o - 5 = -y. What are the prime factors of 2 + -2 - o/(-1)?
2, 3
Suppose n - 20 + 0 = 0. Suppose 3*i = 2*i + n. What are the prime factors of i?
2, 5
Suppose 0 = 8*j - 7*j - 85. List the prime factors of j.
5, 17
Let a(s) = -s + 4. List the prime factors of a(-9).
13
Suppose -3*i + 143 = 38. What are the prime factors of i?
5, 7
Suppose g = -4*g - 50. Let w(n) = -3*n - 5. What are the prime factors of w(g)?
5
Let u(z) = -5*z**2 - 12*z. Let s(a) = -3*a**2 - 8*a. Let c(r) = -8*s(r) + 5*u(r). List the prime factors of c(3).
3
Suppose p + u + 2 = 0, 3*u + 8 = 2*p + 17. List the prime factors of (-3 - 0/(-4))*p.
3
Let g = -21 - -55. What are the prime factors of g?
2, 17
Suppose 4*h = 5*h - 4. Suppose 14 = h*m - 114. List the prime factors of m.
2
Let b(v) = -v**3 - 9*v**2 - 8*v + 6. Let j be b(-8). Suppose f = 1 + j. What are the prime factors of f?
7
What are the prime factors of ((-324)/18)/(0 - (-2)/(-11))?
3, 11
Let v(w) = -w**2 - 6*w + 1. Let t be v(-6). Let m be 10/(-25) + (-12)/(-5). Suppose 2*j - 4 = 2*d, -m*d + 3*d = t. What are the prime factors of j?
3
Suppose -54 = -3*w + 60. Let r = w - 14. List the prime factors of r.
2, 3
Let y(u) = 2*u**3 - 4*u**2 - 3. Let w be y(3). Suppose -3*o + 3*p + 15 = 5*p, -3*o - p + w = 0. What are the prime factors of o?
5
Suppose 0 = -n + r - 4 - 4, -5*n - 3*r - 8 = 0. Let o = -4 - n. List the prime factors of (9 + o)/((-6)/(-8)).
2, 3
Suppose 0 = -3*g + g - 3*w - 14, -3*w = -2*g + 10. Let i be g/(-3) - 22/(-6). Suppose 23 = u - 5*l, 3*u + i*l = 7*u - 28. What are the prime factors of u?
3
Let a = 22 - 18. Suppose 3*b - a*o + 60 - 166 = 0, -4*b - 5*o = -162. What are the prime factors of b?
2, 19
Let y = -4 + 58. Suppose 0 = -3*k - 0*k - y. Let v = -7 - k. What are the prime factors of v?
11
Let z(h) = -h**3 + 3*h**2 + 2*h - 2. Suppose -6 = 5*w + 4. What are the prime factors of z(w)?
2, 7
Let w be 28 + (-1)/(-2)*4. Let r = -5 + w. Suppose -5*x + r = 10. What are the prime factors of x?
3
Let y(n) = n**3 - n**2 + 3. Let i(p) = p**2 - 7*p + 8. Let b(a) = 2*a**2 - 8*a + 9. Let d(q) = 2*b(q) - 3*i(q). Let l be d(-6). List the prime factors of y(l).
3
Let c be 9/(27/210) + 3. Let o = c - 47. What are the prime factors of o?
2, 13
Suppose -4*t - 4 = -4*d, -6*d + 5*d + 2*t = 2. Suppose -d*m + c + 6 = -2*c, 2*m + 5*c = 16. Suppose 6*b = m*b + 30. List the prime factors of b.
2, 5
Let z = 0 + 2. Let g be (-5)/(-3) + z/(-3). What are the prime factors of 4 + 4 - (g + 1)?
2, 3
Suppose -3*i + i - 5*c + 10 = 0, -3*c = i - 6. Suppose -q + p = 2*q - 48, 4*q - 4*p - 64 = i. What are the prime factors of q?
2
Let s = 10 - -95. Suppose 6*a - s = a. What are the prime factors of a?
3, 7
Let t(c) = -c**3 + 5*c**2 + 6*c - 6. Let o be t(4). Suppose 4 - o = -2*p. List the prime factors of 6/p + (-126)/(-10).
13
Let c(r) = 2*r**2 + 8*r + 1. Let o = -10 + 5. What are the prime factors of c(o)?
11
Let m(u) be the third derivative of u**5/60 - u**4/24 + u**3/3 + u**2. List the prime factors of m(-4).
2, 11
Let m = 127 - 91. Suppose 5*s - 2*z + 2 = m, -5*s + z = -32. What are the prime factors of s?
2, 3
Let b(k) = -k**3 - 2*k**2 + 4 - 1 - 1 + k. Let m be b(-2). Suppose s - 3 = m, 0 = -2*l - s + 4*s + 19. List the prime factors of l.
2, 7
Let b = 4 + -5. List the prime factors of b - -3 - 0 - -7.
3
Suppose 3*c - 72 = -c. List the prime factors of c.
2, 3
Let q(i) = i**2 + 8*i + 11. What are the prime factors of q(-17)?
2, 41
Let c = 18 - 8. Let n = -5 - -7. Let i = c - n. What are the prime factors of i?
2
Suppose 2*a = 2, 4*k - 43 = 4*a - 3*a. List the prime factors of k.
11
Suppose -8 = -5*n - 4*f + 22, -26 = -3*n - 4*f. Suppose 22 = 4*s - n*c, 3*c - 6*c + 23 = s. List the prime factors of s.
2
Suppose -4*c = c - 25. Let q be 4/10 + 13/c. Suppose 5*n - 13 - 2 = 0, -5*n + 66 = q*m. List the prime factors of m.
17
Suppose 3*l - 216 = 4*w - 3*w, 2*l - 143 = w. List the prime factors of l.
73
Let m(x) = x**3 + 5*x**2 + x - 3. Let t be m(-4). Suppose -5 = -d + t. List the prime factors of d.
2, 7
Suppose 4*k = -2*i + 4, -k - 4*i = 3*k. Suppose -2*r - 59 = -2*x - 3*r, -k*r = -4*x + 114. List the prime factors of x.
29
Let g(b) = -b**2 + 11*b + 13. What are the prime factors of g(7)?
41
Let d = -35 + 64. List the prime factors of d.
29
What are the prime factors of 2/4 + 5908/56?
2, 53
Suppose -721 = -3*h + 3*i - 8*i, 4*i = h - 212. List the prime factors of h.
2, 29
Let n(b) = 2*b**2 + 3*b + 3. What are the prime factors of n(4)?
47
Let k(o) = -o**2 - 3*o + 5. Let v be ((-8)/6)/(7/21). Let l be k(v). What are the prime factors of 4/(-4) + 4/l?
3
Let u = -15 + 43. Let s = u + -20. List the prime factors of s.
2
Suppose -q - 4 = -2*q. Suppose -2 = -q*d + 6*d. Let i = d - -4. List the prime factors of i.
3
Let g = 55 - 35. What are the prime factors of 1/(-5) + 664/g?
3, 11
Let y = 32 + -2. List the prime factors of y.
2, 3, 5
Let y = -31 - -17. What are the prime factors of (y/8)/((-5)/60)?
3, 7
Let v be 2 + (-3)/(12/(-32)). Suppose 3*j = -2*j + v. List the prime factors of j.
2
Let b(t) = -t**3 - 5*t**2 + 3*t - 6. Let i be b(-6). What are the prime factors of (176/i)/((-6)/(-9))?
2, 11
Let i(a) = -a. Let j be i(-3). Suppose 0 = -2*x + j + 19. What are the prime factors of x?
11
Suppose 5*b - 15 = 4*l + 10, 25 = 4*l + 5*b. Suppose 2*p - 30 = -5*x, l*x = -x + 4. Suppose -16 = -p*i + 14. List the prime factors of i.
2, 3
What are the prime factors of (9/2 + -1)*6?
3, 7
Let s(n) = n**3 + 15*n**2 - 37*n. List the prime factors of s(-16).
2, 3, 7
Let h = -3 - -5. Let s(q) = 22*q + 20*q - 33*q - 3. What are the prime factors of s(h)?
3, 5
Let g = -9 + 12. Suppose -2*h = -4*h - g*j + 20, 4*j - 36 = -5*h. Suppose -h*t + 20 = -2*t. What are the prime factors of t?
2, 5
Let l = 5 + 30. What are the prime factors of l?
5, 7
Let v = 90 + 32. Let t = 172 - v. What are the prime factors of t?
2, 5
Let o = 8 - 5. Suppose c = 4*f + o*c - 36, -3*c + 46 = 5*f. List the prime factors of f.
2
Let a(w) = -w**3 - w**2. Let t be a(-2). Suppose -3*m + 5*u + 200 = 2*m, t*m - 5*u - 163 = 0. Suppose m = 4*d + 5. List the prime factors of d.
2
What are the prime factors of (-1 + 7 - -16) + 6?
2, 7
Let x(b) = 2*b**2 + 5*b - 7. Let d(a) = 0 - 16*a + 7 + 13 - 5*a**2. Let y(f) = -3*d(f) - 8*x(f). List the prime factors of y(6).
2
Let y be (2 + 1)*(-37)/(-3). Suppose 4*g - 97 + y = 0. List the prime factors of g.
3, 5
Suppose 3*o + 6 = 15. List the prime factors of o.
3
Let k(q) = -1. Let o(j) = j + 5. Let b(i) = 33*k(i) + 6*o(i). Let n be b(4). Suppose -21 = -2*s - g, 2*s - 4*g = n + 5. List the prime factors of s.
11
Let k(f) = -f**3 - 12*f**2 + 4. Let s be k(-12). Suppose -3*z + 21 = 5*l - 5*z, 5*l = s*z + 27. List the prime factors of l.
3
Let c(k) = k**3 + 11*k + 6 + 0 + 9*k**2 - 1. What are the prime factors of c(-7)?
2, 13
Let l = 23 + 78. What are the prime factors of l?
101
Suppose -192 = -2*i + 5*w + 58, -563 = -5*i - 3*w. What are the prime factors of i?
5, 23
Let k be -2 - 1*(-7)/1. Suppose 0 = k*v - 3*v. Suppose 11 = 3*s + o - v*o, 4*s - 2 = 5*o. What are the prime factors of s?
3
Let l(g) = -3*g + 1. Let y(u) = 6*u - 3. Let a(v) = -11*l(v) - 6*y(v). List the prime factors of a(-7).
2, 7
Let y(d) = 7*d - 2. Let q be y(2). Let i = q - 6. What are the prime factors of i?
2, 3
What are the prime factors of 1/1 - (1 - 4)?
2
Let h(s) = 2*s**2 + 2*s + 14. What are the prime factors of h(6)?
2, 7
Suppose 2*d - d - 3 = 0. List the prime factors of ((-8)/6)/((-1)/d).
2
Let d be (-2)/(-4) + (-188)/(-8). Suppose -d = -5*k + 36. What are the prime factors of k?
2, 3
Suppose -y - 2*y + 9 = 0. Suppose -6*g + y*g = -138. List the prime factors of g.
2, 23
Let i = 95 - 45. Let s be 3 + -1 + (1 - 0). Suppose -s*b + i = 2*b. List the prime factors of b.
2, 5
Let y(v) be the first derivative of -v**6/60 + v**5/60 + v**4/12 + v**2/2 + 2. Let b(m) be the second derivative of y(m). List the prime factors of b(-2).
2
Suppose 0*q = 2*q - 150. Let a = q + -49. List the prime factors of a.
2, 13
Suppose -2*d - 53 = -319. List the prime factors of d.
7, 19
Let o be (-2)/(-7) - 220/(-14). What are the prime factors of (-4)/o - 250/(-8)?
31
Let w(d) = -13*d**3 - d**2 + 1. List the prime factors of w(-1).
13
Suppose 0 = 2*i - 4*h + 30, 0 = 2*i + 2